{"id":2,"date":"2013-08-15T16:47:21","date_gmt":"2013-08-15T14:47:21","guid":{"rendered":"http:\/\/mejerikoket.se\/?page_id=2"},"modified":"2022-04-25T06:05:13","modified_gmt":"2022-04-25T04:05:13","slug":"p1","status":"publish","type":"page","link":"http:\/\/mejerikoket.se\/?page_id=2","title":{"rendered":"Info"},"content":{"rendered":"<h5 style=\"text-align: left;\"><strong>Mejerik\u00f6kets \u00f6ppettider<\/strong><\/h5>\n<p>M\u00e5ndag till Fredag kl 10:00 &#8211; 13:30<\/p>\n<h5 style=\"text-align: left;\"><strong>Pris<br \/>\n<\/strong><\/h5>\n<p>116 kr inkl m\u00e5ltidsdryck, vid k\u00f6p av lunchh\u00e4fte (10st) 1060 kr<\/p>\n<h5><strong>Parkering<\/strong><\/h5>\n<p>Klicka p\u00e5 bilden f\u00f6r st\u00f6rre bild<a href=\"http:\/\/mejerikoket.se\/wp-content\/uploads\/2021\/10\/Karta-mejerikoket.jpg\"><img decoding=\"async\" loading=\"lazy\" class=\"alignnone wp-image-1575 size-full\" src=\"http:\/\/mejerikoket.se\/wp-content\/uploads\/2021\/10\/Karta-mejerikoket.jpg\" alt=\"\" width=\"974\" height=\"514\" srcset=\"http:\/\/mejerikoket.se\/wp-content\/uploads\/2021\/10\/Karta-mejerikoket.jpg 974w, http:\/\/mejerikoket.se\/wp-content\/uploads\/2021\/10\/Karta-mejerikoket-300x158.jpg 300w, http:\/\/mejerikoket.se\/wp-content\/uploads\/2021\/10\/Karta-mejerikoket-768x405.jpg 768w\" sizes=\"(max-width: 974px) 100vw, 974px\" \/><\/a><\/p>\n","protected":false},"excerpt":{"rendered":"<p>Mejerik\u00f6kets \u00f6ppettider M\u00e5ndag till Fredag kl 10:00 &#8211; 13:30 Pris 116 kr inkl m\u00e5ltidsdryck, vid k\u00f6p av lunchh\u00e4fte (10st) 1060 kr Parkering Klicka p\u00e5 bilden f\u00f6r st\u00f6rre bild<\/p>\n","protected":false},"author":1,"featured_media":0,"parent":0,"menu_order":0,"comment_status":"closed","ping_status":"closed","template":"","meta":[],"_links":{"self":[{"href":"http:\/\/mejerikoket.se\/index.php?rest_route=\/wp\/v2\/pages\/2"}],"collection":[{"href":"http:\/\/mejerikoket.se\/index.php?rest_route=\/wp\/v2\/pages"}],"about":[{"href":"http:\/\/mejerikoket.se\/index.php?rest_route=\/wp\/v2\/types\/page"}],"author":[{"embeddable":true,"href":"http:\/\/mejerikoket.se\/index.php?rest_route=\/wp\/v2\/users\/1"}],"replies":[{"embeddable":true,"href":"http:\/\/mejerikoket.se\/index.php?rest_route=%2Fwp%2Fv2%2Fcomments&post=2"}],"version-history":[{"count":49,"href":"http:\/\/mejerikoket.se\/index.php?rest_route=\/wp\/v2\/pages\/2\/revisions"}],"predecessor-version":[{"id":1729,"href":"http:\/\/mejerikoket.se\/index.php?rest_route=\/wp\/v2\/pages\/2\/revisions\/1729"}],"wp:attachment":[{"href":"http:\/\/mejerikoket.se\/index.php?rest_route=%2Fwp%2Fv2%2Fmedia&parent=2"}],"curies":[{"name":"wp","href":"https:\/\/api.w.org\/{rel}","templated":true}]}}